remainder when 1548 is divided by 527.
494
What is the remainder when 874 is divided by 715?
159
What is the remainder when 9286 is divided by 49?
25
Calculate the remainder when 110848 is divided by 428.
424
Calculate the remainder when 12879 is divided by 12829.
50
Calculate the remainder when 251119 is divided by 13.
11
Calculate the remainder when 74183 is divided by 575.
8
What is the remainder when 74006 is divided by 288?
278
What is the remainder when 899688 is divided by 75?
63
What is the remainder when 228563 is divided by 45710?
13
What is the remainder when 17021 is divided by 2835?
11
What is the remainder when 31206 is divided by 59?
54
Calculate the remainder when 19974 is divided by 9986.
2
What is the remainder when 140590 is divided by 191?
14
Calculate the remainder when 5966 is divided by 58.
50
Calculate the remainder when 23763 is divided by 233.
230
What is the remainder when 21932 is divided by 266?
120
Calculate the remainder when 3219 is divided by 2878.
341
Calculate the remainder when 294 is divided by 51.
39
Calculate the remainder when 3535 is divided by 1169.
28
Calculate the remainder when 2602083 is divided by 17.
12
Calculate the remainder when 21210 is divided by 766.
528
What is the remainder when 604461 is divided by 8?
5
What is the remainder when 34401 is divided by 103?
102
What is the remainder when 73306 is divided by 18325?
6
Calculate the remainder when 1585285 is divided by 47.
22
What is the remainder when 3145 is divided by 143?
142
Calculate the remainder when 164557 is divided by 104.
29
Calculate the remainder when 149699 is divided by 28.
11
What is the remainder when 11003 is divided by 3661?
20
What is the remainder when 1902 is divided by 22?
10
Calculate the remainder when 12241 is divided by 79.
75
What is the remainder when 78552 is divided by 8719?
81
What is the remainder when 815 is divided by 37?
1
Calculate the remainder when 696868 is divided by 290.
288
What is the remainder when 545967 is divided by 1054?
1049
Calculate the remainder when 847 is divided by 563.
284
Calculate the remainder when 414 is divided by 30.
24
Calculate the remainder when 36119 is divided by 221.
96
Calculate the remainder when 923969 is divided by 230988.
17
What is the remainder when 9030 is divided by 251?
245
Calculate the remainder when 17953 is divided by 47.
46
Calculate the remainder when 24200 is divided by 235.
230
Calculate the remainder when 46906 is divided by 48.
10
What is the remainder when 3171 is divided by 566?
341
What is the remainder when 54277 is divided by 653?
78
What is the remainder when 393020 is divided by 285?
5
What is the remainder when 10770 is divided by 469?
452
What is the remainder when 434 is divided by 389?
45
Calculate the remainder when 104567 is divided by 36.
23
Calculate the remainder when 276209 is divided by 12009.
2
What is the remainder when 31138 is divided by 7778?
26
Calculate the remainder when 1041 is divided by 200.
41
What is the remainder when 33 is divided by 32?
1
Calculate the remainder when 105389 is divided by 8782.
5
Calculate the remainder when 10953 is divided by 38.
9
Calculate the remainder when 395213 is divided by 330.
203
What is the remainder when 11386 is divided by 215?
206
Calculate the remainder when 40386 is divided by 275.
236
What is the remainder when 1332176 is divided by 6?
2
Calculate the remainder when 347316 is divided by 165.
156
What is the remainder when 281226 is divided by 233?
228
Calculate the remainder when 2132818 is divided by 697.
695
What is the remainder when 40096 is divided by 39917?
179
What is the remainder when 13964 is divided by 4652?
8
What is the remainder when 442896 is divided by 129?
39
Calculate the remainder when 6684 is divided by 81.
42
What is the remainder when 194067 is divided by 136?
131
Calculate the remainder when 63786 is divided by 1825.
1736
Calculate the remainder when 30404 is divided by 400.
4
Calculate the remainder when 30946 is divided by 91.
6
Calculate the remainder when 71058 is divided by 24.
18
What is the remainder when 5755 is divided by 38?
17
Calculate the remainder when 29910 is divided by 10.
0
Calculate the remainder when 578097 is divided by 43.
5
Calculate the remainder when 632232 is divided by 6872.
8
What is the remainder when 8972 is divided by 1793?
7
What is the remainder when 31126 is divided by 462?
172
Calculate the remainder when 36638 is divided by 199.
22
What is the remainder when 852210 is divided by 257?
255
Calculate the remainder when 470199 is divided by 33585.
9
What is the remainder when 40025 is divided by 9991?
61
Calculate the remainder when 98273 is divided by 27.
20
What is the remainder when 19561 is divided by 3257?
19
Calculate the remainder when 16261 is divided by 479.
454
Calculate the remainder when 17150 is divided by 15.
5
What is the remainder when 15805 is divided by 112?
13
What is the remainder when 63218 is divided by 13?
12
What is the remainder when 7990 is divided by 216?
214
Calculate the remainder when 7676 is divided by 248.
236
What is the remainder when 197190 is divided by 139?
88
Calculate the remainder when 3755 is divided by 1724.
307
What is the remainder when 84699 is divided by 55?
54
What is the remainder when 5515 is divided by 106?
3
What is the remainder when 79288 is divided by 192?
184
What is the remainder when 593436 is divided by 33?
30
What is the remainder when 10590 is divided by 526?
70
What is the remainder when 40812 is divided by 28?
16
What is the remainder when 178 is divided by 33?
13
Calculate the remainder when 2851 is divided by 1403.
45
What is the remainder when 137538 is divided by 19?
16
Calculate the remainder when 30515 is divided by 252.
23
Calculate the remainder when 2373 is divided by 185.
153
What is the remainder when 35935 is divided by 32?
31
What is the remainder when 4026 is divided by 37?
30
What is the remainder when 14294 is divided by 3570?
14
Calculate the remainder when 24864 is divided by 1241.
44
What is the remainder when 2668 is divided by 114?
46
What is the remainder when 110811 is divided by 55390?
31
Calculate the remainder when 136888 is divided by 270.
268
What is the remainder when 1818 is divided by 357?
33
What is the remainder when 4076395 is divided by 397?
396
What is the remainder when 23962 is divided by 5982?
34
Calculate the remainder when 978 is divided by 71.
55
What is the remainder when 41755 is divided by 20857?
41
Calculate the remainder when 1581981 is divided by 216.
213
Calculate the remainder when 1152359 is divided by 55.
54
Calculate the remainder when 10509 is divided by 9977.
532
What is the remainder when 58046 is divided by 86?
82
Calculate the remainder when 60987 is divided by 23.
14
What is the remainder when 2972 is divided by 152?
84
Calculate the remainder when 19338 is divided by 1293.
1236
Calculate the remainder when 39442 is divided by 1971.
22
What is the remainder when 9576 is divided by 38?
0
What is the remainder when 23418 is divided by 2119?
109
Calculate the remainder when 33841 is divided by 161.
31
What is the remainder when 4406505 is divided by 36?
33
Calculate the remainder when 1578 is divided by 39.
18
What is the remainder when 665351 is divided by 593?
5
What is the remainder when 4560 is divided by 4531?
29
What is the remainder when 19840 is divided by 82?
78
Calculate the remainder when 6400 is divided by 291.
289
What is the remainder when 6181 is divided by 134?
17
Calculate the remainder when 58612 is divided by 19304.
700
Calculate the remainder when 71906 is divided by 128.
98
What is the remainder when 35744 is divided by 3?
2
Calculate the remainder when 29061 is divided by 169.
162
What is the remainder when 4022 is divided by 60?
2
Calculate the remainder when 613 is divided by 279.
55
Calculate the remainder when 185315 is divided by 2376.
2363
What is the remainder when 90362 is divided by 19?
17
What is the remainder when 247 is divided by 121?
5
What is the remainder when 450187 is divided by 1808?
1803
What is the remainder when 48390 is divided by 2209?
2001
Calculate the remainder when 4098 is divided by 365.
83
Calculate the remainder when 3177 is divided by 833.
678
Calculate the re